 prime factors of f.
13
Suppose 82 = 2*s - 2*j, 2*s - 79 = 7*j - 4*j. List the prime factors of s.
2, 11
Suppose -5*g + 2*g = -216. What are the prime factors of g?
2, 3
Suppose -5*t + 7 + 8 = 0. Suppose 4*g + 1 = -o, -4*g = t*o + 1 + 10. Suppose -a + 4 = -g. What are the prime factors of a?
5
Let c(t) = -2*t**3 + 5*t**2 + 2*t - 7. What are the prime factors of c(-3)?
2, 43
Let j = 19 - 3. What are the prime factors of 2*(-6)/j*-4?
3
Let x(n) = n**3 + 6*n**2 - 7*n + 3. Let c be x(-7). Suppose 3*r = -r + 2*q + 42, 0 = 4*r - c*q - 43. What are the prime factors of 20/6*12/r?
2
Let v = 3 + -11. List the prime factors of v/(-20)*(-3 - -58).
2, 11
Let v(b) = -b - 1. Suppose 3*n - 15 = 4*f, -5*f + 2*n = 14 + 3. List the prime factors of v(f).
2
List the prime factors of 2/11 + 5600/55.
2, 3, 17
Suppose 0*c - 50 = -5*c. List the prime factors of c.
2, 5
Suppose -3*d = -6*d - 9. Let i = 1 - d. Let w(n) = -n**3 + 5*n**2 + 2*n - 2. What are the prime factors of w(i)?
2, 11
Suppose -30 = -4*r + 182. Suppose -r = -5*j - 4*l, l = -j + 4*j - 25. List the prime factors of j.
3
What are the prime factors of (-3)/9*-6 + 27?
29
Suppose 2*c + 0*x - x = -34, 4*c + 68 = -2*x. Suppose 4*w - 87 - 13 = 0. Let o = c + w. What are the prime factors of o?
2
Let i be (2/6)/(8/984). Let r = i + -23. What are the prime factors of r?
2, 3
Let u = 5 + -20. Let h = 25 + u. What are the prime factors of h?
2, 5
Suppose 0*j - 4 = 2*j. Let v = j + -3. Let r = 1 - v. List the prime factors of r.
2, 3
Let h(f) = 4*f - 14. List the prime factors of h(5).
2, 3
Let z(r) = 8*r - 27. Let c(k) = 3*k - 9. Let v(a) = 11*c(a) - 4*z(a). Let b be (-6)/(-24) - 1/4. List the prime factors of v(b).
3
Let d be 90/8 - 18/(-24). Suppose d = -3*m + 5*m. What are the prime factors of m?
2, 3
Let d(p) be the first derivative of -p**3/3 - 13*p**2/2 - 8*p + 5. What are the prime factors of d(-8)?
2
Let r = -145 - -265. What are the prime factors of r?
2, 3, 5
Let w(g) = -g + 16. Suppose -m - 7 + 3 = 0. Let o be (1/2)/(m/(-56)). List the prime factors of w(o).
3
Suppose 2*s = y - 15, -2*y + 20 = s + 3*y. Let d = -2 - s. Suppose d*i = 5*a - 51, -2 = 2*i + 2. List the prime factors of a.
3
Suppose 0 = 2*t + 3*t + 5, 4*s - 4*t = 24. Let z = -8 + s. Let l(d) = d**2 - 2. List the prime factors of l(z).
7
Let y = 297 + -148. What are the prime factors of y?
149
Let h(k) be the second derivative of k**4/12 + k**3 + 5*k**2/2 + 3*k. List the prime factors of h(-6).
5
Suppose -2*u - 7*u = -351. What are the prime factors of u?
3, 13
Let p be (-8)/(-20) + 460/(-25). Let w(z) = -11*z**2 + 2*z + 1. Let n be w(2). Let x = p - n. List the prime factors of x.
3, 7
Let n(x) = -3*x - 3*x + 10 + 3*x**2 - x**2 - 3*x**2. List the prime factors of n(-7).
3
Suppose 243 = 3*k + 3*i, 2*i = -2*k + 4*i + 162. List the prime factors of k.
3
Let i(l) = l**3 - 5*l**2 + 6*l - 2. Let k be i(3). List the prime factors of 16*((-3)/k)/3.
2
Suppose 5*h - 810 + 230 = 5*t, 4*h - 3*t = 460. What are the prime factors of h?
2, 7
Let x(a) = 10*a + 1. List the prime factors of x(6).
61
Let v(g) = -g + 8. Let y be v(8). Suppose j + 2 - 9 = y. What are the prime factors of j?
7
Let o = 147 - 58. What are the prime factors of o?
89
Let d(p) = -p**2 - 13*p + 14. List the prime factors of d(-10).
2, 11
Suppose 0 = 4*u + f - 13, -2*f - 2 = 4*u - 4*f. Suppose 5*c - 18 = u*j, -3*c = 4*j + 3 + 7. List the prime factors of j/(-16) - 15/(-4).
2
Let d(r) = 3*r**3 - r**2 - 2*r - 1. Let w be d(2). Let y = -3 - -6. List the prime factors of (7 - 3 - y) + w.
2
Let r be (-18)/135 - (-107)/15. Let a(h) = h + 5. List the prime factors of a(r).
2, 3
List the prime factors of 34/51*24/1.
2
Let c(s) = s**2 - 4. Let t be c(-3). Suppose 15 = -t*v + 90. List the prime factors of v.
3, 5
Let w = 56 + -3. What are the prime factors of w?
53
Let d = 73 - 49. List the prime factors of d.
2, 3
Suppose 2*u + 1 = 9. Suppose 0*c - 48 = u*c. List the prime factors of 8/6 - 8/c.
2
Let q be 0*(-2)/2 + 6. Let u(j) = -2*j - 3. Let x be u(-2). Let g = q + x. What are the prime factors of g?
7
Let k(j) = -j**2 + 10*j - 7. Let f be k(7). Suppose 0 = -q + 5*t - f, -5*q - 5 = 3*t - 19. What are the prime factors of (1/(-3))/(q/(-39))?
13
Let z = -101 - -49. Let h = z - -88. What are the prime factors of h?
2, 3
Let q = -7 - -4. Let j(u) = -u**2 + 3*u + 58*u**3 + 7*u**2 - 57*u**3 - 4. What are the prime factors of j(q)?
2, 7
What are the prime factors of ((-2920)/50)/((-4)/10)?
2, 73
Let d be (3/2)/((-1)/(-2)). Let k(y) = -y**2 - 4*y - 2 + 6*y + d*y**3 - 2*y**3. What are the prime factors of k(2)?
2, 3
Let x(r) = 4*r**3 - 10*r**2 - 10*r - 9. What are the prime factors of x(5)?
191
Let j(u) = -u**2 - 7*u - 4. List the prime factors of j(-6).
2
Suppose -z + 2*o + 33 = 0, -5*z + 5*o = -10*z + 90. What are the prime factors of z?
23
Let j(h) = h**3 + 7*h**2 + 2*h + 3. Let p be j(-3). Suppose 11 = -3*q + 4*q - 2*i, 0 = -3*q + i + p. What are the prime factors of q?
11
What are the prime factors of 19/2*(1 - (3 - 4))?
19
Suppose -s = -2*r + 1, r - 3*s + 0 + 7 = 0. List the prime factors of (r + -6)/((-2)/5).
2, 5
Let k = -231 - -324. What are the prime factors of k?
3, 31
Suppose -118 = -0*w - 2*w. List the prime factors of w.
59
Suppose -2 = 3*g - 2*g. Let n(s) = -6*s - 3. List the prime factors of n(g).
3
Let l = -7 - -12. List the prime factors of l.
5
Suppose 0 = -5*s + 3*a + 428, 2*a - 59 = 3*s - 315. List the prime factors of s.
2, 11
Suppose 4*w + 8 = -4. List the prime factors of (-20)/15*w/2.
2
Let z be 31/5 - 3/15. List the prime factors of (-1 + -2)*(-38)/z.
19
Let o be 46*1/2 + -1. Suppose -5 = -3*c + o. List the prime factors of c.
3
Let g be (-20 + (-2 - -2))*-1. Let w = g - 0. List the prime factors of w.
2, 5
Suppose 0*m + 5*m + 20 = 0. What are the prime factors of -3*m/(-18)*-6?
2
Suppose 0 = -5*j + 6*j. Suppose 0*f = 2*f - 6. Suppose f*a = -j*a + 21. List the prime factors of a.
7
Suppose -2*j = -3*j + 16. Let q = j + -3. What are the prime factors of q?
13
Let w(h) = 77*h**2 - 6*h + 12. List the prime factors of w(2).
2, 7, 11
Suppose -5*q + 630 = 2*s, 0 = 2*q + 2*s - 379 + 127. What are the prime factors of q?
2, 3, 7
Let y be -2*5 - (-2 + 0). Let p = y - -17. Let x = p - 0. What are the prime factors of x?
3
Suppose 5*q - 5*r = -840, -186 = 2*q - 4*r + 160. What are the prime factors of q/(-5) - (-4)/10?
3, 11
Let o = 72 + -27. What are the prime factors of o?
3, 5
Suppose -37 = p - 5*u - 117, 4*p - 445 = -5*u. What are the prime factors of p?
3, 5, 7
Suppose 1516 + 264 = 10*t. List the prime factors of t.
2, 89
Let o = 16 + -10. Let j be 1/4 - (-26)/(-8). Let n = o - j. List the prime factors of n.
3
Let b be 0/(2/(3/3)). Suppose -5*p - 2*q = q - 82, b = 2*p - q - 24. List the prime factors of p.
2, 7
Suppose 2*l - 4 = 3*t - 16, -3*l + 9 = 0. List the prime factors of t.
2, 3
Let f = -1 - -2. Let z be 2 - (-1 + f + 12). Let i = z + 16. What are the prime factors of i?
2, 3
Suppose -v - 3*s + 66 = 2*v, v - 2*s = 10. List the prime factors of v.
2, 3
Let r = -22 - -24. List the prime factors of (29/r)/((-14)/(-28)).
29
Let b = -168 + 106. Let h = -23 - b. What are the prime factors of h?
3, 13
Let m be 23 + (-1 - -3) + -1. What are the prime factors of (-3)/(-6)*(m - 0)?
2, 3
List the prime factors of -36*(-12)/8 + -4.
2, 5
Let v(t) = 2*t**2 - 5*t + 4. What are the prime factors of v(6)?
2, 23
Let q(z) = z**3 + 5*z**2 - 5*z + 1. List the prime factors of q(-5).
2, 13
Suppose -o = 3*o. Suppose 0 = -5*m + 5 - o. Let n(a) = 7*a**2 + a. What are the prime factors of n(m)?
2
Suppose 0 = -u + 40 + 31. Suppose -2*l + u = -5*d, 4*l - 48 = 5*d + 69. What are the prime factors of l?
23
Let r(h) = -62*h. List the prime factors of r(-2).
2, 31
Let f(p) = -3*p - 1. Let c be f(-6). Let t be (-6)/(-2) + c + 0. Suppose 0 = 4*m - 5*l - t, 2*l = -m - 4*m + 58. What are the prime factors of m?
2, 5
Let l be (-585)/(-15) + (-1 - 0). Suppose 0 = -2*m - 0*m + l. What are the prime factors of m?
19
Let j = 233 - 159. List the prime factors of j.
2, 37
Suppose 0 = -5*k + k. Suppose k = g + g + 20. Let i = -3 - g. List the prime factors of i.
7
Let i(l) = l**2 - 7*l. Suppose 29 = 4*n + 1. Let t be i(n). Suppose t*k + r = -5*k + 35, -3*k - 5*r = -43. List the prime factors of k.
2, 3
Suppose -